 40. Let l be t(0). Let a(f) = 12 + l*f - 47*f + 0. Is a(-11) composite?
False
Let b = -14 + 9. Is (-292)/b - 20/50 prime?
False
Let o(b) = 3 - 6*b + 1 + 15*b**2 + 18*b**2. Let i be o(4). Suppose -9*q = -5*q - i. Is q prime?
True
Suppose 0*d + 3*d = 4*h + 7, -3*h = 5*d - 31. Suppose r + 1332 = d*r. Let x = 580 - r. Is x prime?
False
Let k be (65/10)/((-16)/(-1600)). Suppose 3*r - 1188 - 180 = 0. Suppose 2*t - 2*v - k = 0, -3*v - r = -2*t + 198. Is t prime?
False
Let r(c) = -c + 2. Let d be r(-10). Is 2*(-1930)/(-8) - 18/d composite?
True
Suppose -2*a + 6 = 2. Suppose a*t = 146 + 276. Is t prime?
True
Let x(m) = -5*m**3 - 2*m**2 - 4*m - 2. Let t = 7 + -2. Suppose 0*h - h = 2*o + 3, t*o = -5*h. Is x(o) a composite number?
False
Let o = 2190 + -1032. Let i = -181 + o. Is i composite?
False
Let z = 141219 - 96104. Suppose -z = -9*j + 20126. Is j composite?
True
Let n(b) = 232*b**2 - 2*b - 3. Let h be n(-2). Let i = h + -510. Is i prime?
True
Let d(i) = 87*i**2 - 34*i + 898. Is d(39) a prime number?
True
Let j(d) = 31*d**2 + 2*d - 99. Is j(17) prime?
False
Is ((-2)/6)/((-177328)/(-59112) + -3) a prime number?
False
Let y = -3552 + 6313. Is y a composite number?
True
Let u = -25 - -21. Is (((-8)/u)/4)/((-2)/(-1852)) composite?
False
Let m(w) = -3664*w + 35. Is m(-3) a composite number?
False
Let j be 112/(-96) - (-2)/12. Is (4/8*-187)/(j/2) prime?
False
Suppose 3387 = 3*n - 4050. Is n composite?
True
Let k = 13365 + -7652. Is k a prime number?
False
Let f(l) = l**3 + 21*l**2 - 2*l - 20. Let n(o) = o**3 - 16*o**2 - 18*o - 4. Let z be n(17). Is f(z) prime?
False
Suppose -337 - 4183 = -10*h. Let b = 9 - 6. Suppose -7*r = -b*r - h. Is r prime?
True
Suppose 4*h - 3*h + v - 1768 = 0, 2*v = 4. Suppose -211*i = -209*i - h. Is i prime?
True
Let f be 4/10 - 6/15. Suppose 0*x + 5*x = 5*a + 5710, f = 4*x - 2*a - 4558. Suppose 0*s + q + x = 3*s, -5*q = 0. Is s a prime number?
True
Let x be ((-1098)/21)/(1/(-21)). Is x + (-1)/((-4)/(-4)) prime?
True
Suppose 4*u + 5*u = 783. Is u a prime number?
False
Let a = -141 + -8. Let j = a - -492. Let p = -202 + j. Is p a composite number?
True
Let z(u) = 6*u**2 - 3*u + 1. Let x be z(1). Let i(h) = -11*h + x - 10*h + 50*h**2 + 20*h. Is i(5) a prime number?
True
Suppose -6*v + 2*v = -12, 3*k = v - 21. Let p be k/(-4)*-668*-1. Suppose -4*a - b - b = -810, -5*a + p = -b. Is a composite?
True
Suppose -3*v + 4 = 1. Let w(p) = p**3 + 2*p**2 - 2*p + 1. Let c be w(v). Let h = 55 + c. Is h a prime number?
False
Suppose 0 = -4*l - 5*j + 1991, -2*l + 1002 = -2*j - 2*j. Suppose 29953 = 6*p + l. Is p a composite number?
False
Let p be 3/(-18) + (-2)/(-12). Suppose -w + 13 + 24 = p. Is w composite?
False
Let u(h) = -41*h**3 - 2*h**2 - 8*h - 45. Is u(-4) a composite number?
False
Suppose r + 7 = 9. Is 347/((-1)/r*-2) a prime number?
True
Let q(x) = x**2 + 6*x - 3. Let n be q(-7). Is -3 + n + 308 + -2 a prime number?
True
Suppose -x - 6*x + 812 = 0. Is x - (3 - 10/2) composite?
True
Let v = 7 - 4. Suppose 5*x - q = 4*q + 1790, -1086 = -v*x - q. Let b = 126 + x. Is b composite?
False
Suppose 0 = h - 3*h + 20. Let a(g) = 38*g + 53. Let k(p) = 12*p + 17. Let i(n) = 3*a(n) - 8*k(n). Is i(h) prime?
False
Let k = -64563 + 145744. Is k prime?
True
Let u(l) = l + 16. Let z be u(-16). Suppose -c + 2*m + 89 = z, 0*c + m + 282 = 3*c. Is c a composite number?
True
Let n(k) = 13*k**2 - 11*k + 7. Let l be (-8 - -1) + -11 + 12. Is n(l) prime?
True
Let q = 2181 + 4356. Is q a prime number?
False
Let z(h) = -h**2 - 10*h + 9. Let x be z(-11). Let n be (-1 - -174) + 8/x. Suppose d - n = -42. Is d prime?
True
Let t(w) = 42*w - 17. Suppose 4*k + 5*s - 4 = 0, -3*k + 0*s = 3*s - 6. Is t(k) a prime number?
False
Let u = 28946 + 16061. Is u a prime number?
True
Let b(r) = 2*r**3 + 9*r**2 + r + 1. Let k be b(-6). Let w = 166 + k. Is w a prime number?
True
Let q(a) = -611*a + 2. Let c = 32 - 35. Is q(c) composite?
True
Suppose -3*c - 2*c = 0. Suppose c = -3*r + 15816 - 2130. Suppose -3*w - r - 2814 = -5*o, -3*o = -4*w - 4419. Is o a prime number?
False
Let t(w) = -w**3 - 12*w**2 - 12*w - 6. Let k = 16 - 27. Let y be t(k). Suppose 5*x = 4*c - 4 - 33, y*c + 2*x - 5 = 0. Is c composite?
False
Suppose 0 = o - c - 2449, 3*o + 3*c + 4894 = 5*o. Is o a prime number?
False
Suppose 373989 = -0*c + 21*c. Is c a prime number?
False
Let p(z) = -z**3 - 7*z**2 - 5*z + 7. Let u be p(-6). Let h be 3 + u + -3 - -4. Suppose -w + h*j + 342 = 0, 689 = -4*w + 6*w - 5*j. Is w prime?
True
Suppose -40*p + 1400470 = 6*p. Is p a prime number?
False
Let g be 1*((-32)/2 - 1). Let s = 21 + g. Suppose t + 995 = l + 4*l, -s*l + 2*t + 796 = 0. Is l composite?
False
Is (3 + 8*2/(-4))*-14369 a composite number?
False
Is (-1 + 2 - -17552)*110/30 prime?
False
Let p be 1*234/2 + 0. Suppose -2*k = -l + 158, -2*k - l - 150 = 2*l. Let t = k + p. Is t a composite number?
True
Let m(p) = p**2 - 4*p + 1. Let a be m(5). Let q(l) = 31*l - 6. Let u(i) = 127*i - 23. Let r(y) = 9*q(y) - 2*u(y). Is r(a) a composite number?
True
Let h(f) = 38*f**3 - 4*f**2 + 5*f - 5. Suppose -4*o + 4 = -2*o + 2*d, -4*o - 10 = -2*d. Let w be 10/6 + o/(-3). Is h(w) prime?
True
Let l = -12 + 16. Let i(q) be the first derivative of q**4 - q**3 + q**2 - 5*q - 6. Is i(l) a prime number?
True
Let o(y) = y**2 - 4*y + 2. Let g be o(3). Let k(b) = 71*b**2. Is k(g) prime?
True
Suppose -2*l = 3 - 5, -4*l + 26 = -2*u. Let f(g) = 4*g**2 + 17*g + 10. Is f(u) prime?
True
Suppose m - 38 = -4*b, 0 = m - 3*b - b - 14. Let i be (1 - -13)/(m/39). Suppose -i*t - 2859 = -24*t. Is t prime?
True
Let r = -36 + 45. Suppose 3*s = r*s - 1110. Is s prime?
False
Suppose -3*p - 13 = 5*y, 2*p + 0 = 3*y - 15. Is (879/p)/((-2)/4) composite?
False
Let c(z) = -4 + 5*z**2 - 3*z**2 - 3*z + 3*z**2 - 9. Suppose 0 = -l - s - 2 - 1, -2*l = -5*s + 27. Is c(l) composite?
True
Suppose 3*s - 5*i = 2, -2*s - 6 = -s + 5*i. Let z be s/(-2 - (-9)/6). Suppose -102 = -z*v + 4*j + 226, 668 = 4*v + 4*j. Is v prime?
False
Let x = 16 + -20. Let k(r) = -164*r - 8. Let w be k(x). Suppose w = 5*z + 193. Is z composite?
True
Suppose 40*p - 2*i + 3011 = 41*p, 3014 = p - i. Is p composite?
True
Let y(l) = l**3 - 17*l**2 - 25*l + 3. Is y(20) prime?
False
Suppose -3*n = -8*n. Suppose n = 2*f - 6*f + 1140. Suppose -2*l - l = -f. Is l prime?
False
Let x = 461 + 168. Is x a composite number?
True
Let d = 9 - 11. Is (2 - 5607/6)/(d/4) a prime number?
False
Suppose -4*u + 494 = -4*r + 60194, -5*u = 3*r - 44759. Is r a composite number?
False
Suppose 6*t - 22539 = -7305. Is t composite?
False
Let v = 831 - 1267. Let t = v - -1205. Is t a composite number?
False
Let j = 41720 + -24111. Is j prime?
True
Suppose 0*b + 2*b + 24 = 0. Let d be (410/4)/(2/b). Is (-2)/(-3) + d/(-9) prime?
False
Is 1*250744 - (-3 + 8) composite?
False
Suppose -6*s + 286376 = 2*s. Is s composite?
False
Let i be (6/(-18) + 0)/(1/(-3459)). Suppose i = 4*b + 101. Is b a prime number?
True
Suppose 21*d = 26*d - 3790. Is d composite?
True
Suppose 5*z + 24 = 64. Suppose -1104 = z*g - 6920. Is g a prime number?
True
Suppose -o - 3*o = 5*u - 10, 4*u + o = 8. Let g(a) = -2*a - 3 - 3 - u*a - 5*a. Is g(-5) prime?
False
Let r(o) be the third derivative of 179*o**6/720 - o**5/60 - o**4/6 - 2*o**2. Let p(a) be the second derivative of r(a). Is p(3) prime?
False
Suppose -14*u + 19*u - 8555 = -2*m, -u + 2*m + 1699 = 0. Is u composite?
False
Let v(c) = 4*c + 21. Let w be v(0). Let q be 6/w*(3 + 4). Suppose -q*z - 3*n - 2*n = -630, 5*n = 20. Is z composite?
True
Is ((-98966)/35)/((-8)/20) composite?
False
Suppose 112990 = 26*r - 16*r. Is r composite?
False
Let b(y) = 419*y - 235. Is b(18) composite?
False
Let f(r) = 94*r**2 + 32*r + 17. Is f(15) composite?
False
Let b be 10 + -5 - (1 - (-2)/(-2)). Suppose b*i - i - 1004 = 0. Is i a composite number?
False
Let o = -6946 + 10457. Is o a composite number?
False
Is (-25 + 12 - -12)/(1/(-3935)) a prime number?
False
Let j(a) = -a**2 - 5*a + 2. Let b be j(8). Let r = -93 - -414. Let t = r + b. Is t composite?
True
Suppose 0 = -3*h + 5*h - 52. Let f be h/7 + (-2)/(-7). Is ((-153)/18)/((-1)/f) prime?
False
Suppose -40*n + 412256 = -8*n. Is n a prime number?
False
Let i = 5467 + -2048. Is i a prime number?
False
Let b(w) = -w**3 + 3*w + 15233. Is b(0) a composite number?
False
Let y(b) = 2*b**2 - 3.